{"id":481,"date":"2013-06-28T12:28:56","date_gmt":"2013-06-28T11:28:56","guid":{"rendered":"http:\/\/clubsafranebiturbo.fr\/boutique\/?post_type=product&#038;p=481"},"modified":"2026-04-15T15:13:38","modified_gmt":"2026-04-15T14:13:38","slug":"flector-transmission-safrane-4x4","status":"publish","type":"product","link":"https:\/\/clubsafranebiturbo.fr\/boutique\/produit\/flector-transmission-safrane-4x4\/","title":{"rendered":"Flector transmission safrane 4X4"},"content":{"rendered":"<div dir=\"auto\">\n<h2>Flector transmission safrane 4X4<\/h2>\n<p>Ce flector transmission safrane 4X4 se monte en Lieu et place de celui d\u2019origine. Le d\u00e9tail par Renault de cette pi\u00e8ce ne se fait pas. Renault vend l&rsquo;arbre complet, et \u00e0 ce jour n\u2019est plus disponible. S\u2019adapte sans aucune modification. Nous vous conseillons le remplacement des vis d&rsquo;origine par celles vendues sur la boutique, celles d&rsquo;origine n\u00e9cessitent une cl\u00e9 particuli\u00e8re. Ce flector se monte sur safrane \u00e0 transmission 4X4, BITURBO et QUADRA donc.<\/p>\n<p>Pour plus de questions vous pouvez nous contacter via le formulaire de\u00a0<a href=\"https:\/\/clubsafranebiturbo.fr\/boutique\/contact\/\" target=\"_blank\" rel=\"noopener\" data-saferedirecturl=\"https:\/\/www.google.com\/url?q=https:\/\/clubsafranebiturbo.fr\/boutique\/contact\/&amp;source=gmail&amp;ust=1697706278858000&amp;usg=AOvVaw2h7ZipTDdpSlYFuxsGuQtt\">contact<\/a>\u00a0sur la boutique, nous nous efforcerons de r\u00e9pondre \u00e0 toutes vos questions \u00e0 partir du moment ou vos coordonn\u00e9es de contact sont correctes dans les plus brefs d\u00e9lais.<\/p>\n<\/div>\n<h2>Livraison<\/h2>\n<p>D\u00e9lai de livraison : 7 \u00e0 15 jours apr\u00e8s r\u00e9ception de votre paiement sur nos comptes. Toutefois, nous vous rappelons que nous sommes une association, et que notre temps libre pr\u00e9vaut sur le temps consacr\u00e9 au Club. En conclusion, il peut donc arriver que ces d\u00e9lais soient plus long. Pour un traitement plus rapide de votre commande, vous pouvez nous contacter par mail et faire un virement bancaire.<\/p>\n<p>Livraison par collissimo recommand\u00e9 \u00e0 r\u00e9ception du paiement sur nos comptes. En consultant le site de la poste avec le num\u00e9ro de suivi que vous recevrez par mail, il vous permettra de suivre l&rsquo;avancement de la livraison. Envoi soign\u00e9 et bien prot\u00e9g\u00e9<\/p>\n<h2 style=\"text-align: justify;\">Stock<\/h2>\n<p style=\"text-align: justify;\"><span style=\"color: #ff0000;\">Ces pi\u00e8ces sont pr\u00e9sentes dans notre stock, vous serez donc assur\u00e9 de la livraison et ne recevrez pas de mail vous informant que nous sommes en rupture. Si les pi\u00e8ces ne sont pas disponibles vous ne pourrez tout simplement pas les commander. A noter que nous sommes une association et faisons cela sur notre temps libre, il est donc possible que de temps en temps les r\u00e9ponses ou les d\u00e9lais de livraison soient plus long que la normale.<\/span><\/p>\n<p><a href=\"http:\/\/clubsafranebiturbo.fr\/boutique\/wp-content\/uploads\/2015\/06\/flector-safrane-biturbo-photo-1.jpg\"><img loading=\"lazy\" decoding=\"async\" class=\" size-medium wp-image-1441 aligncenter\" src=\"http:\/\/clubsafranebiturbo.fr\/boutique\/wp-content\/uploads\/2015\/06\/flector-safrane-biturbo-photo-1-225x300.jpg\" alt=\"flector safrane biturbo photo 1\" width=\"225\" height=\"300\" srcset=\"https:\/\/clubsafranebiturbo.fr\/boutique\/wp-content\/uploads\/2015\/06\/flector-safrane-biturbo-photo-1-225x300.jpg 225w, https:\/\/clubsafranebiturbo.fr\/boutique\/wp-content\/uploads\/2015\/06\/flector-safrane-biturbo-photo-1-scaled-600x800.jpg 600w, https:\/\/clubsafranebiturbo.fr\/boutique\/wp-content\/uploads\/2015\/06\/flector-safrane-biturbo-photo-1-768x1024.jpg 768w, https:\/\/clubsafranebiturbo.fr\/boutique\/wp-content\/uploads\/2015\/06\/flector-safrane-biturbo-photo-1-scaled-320x427.jpg 320w, https:\/\/clubsafranebiturbo.fr\/boutique\/wp-content\/uploads\/2015\/06\/flector-safrane-biturbo-photo-1-scaled.jpg 1920w\" sizes=\"auto, (max-width: 225px) 100vw, 225px\" \/><\/a><\/p>\n<p><a href=\"https:\/\/www.facebook.com\/profile.php?id=100086315447468\">https:\/\/www.facebook.com\/profile.php?id=100086315447468<\/a><\/p>\n<p><a href=\"http:\/\/clubsafranebiturbo.fr\/\">http:\/\/clubsafranebiturbo.fr\/<\/a><\/p>\n<p>&nbsp;<\/p>\n","protected":false},"excerpt":{"rendered":"<p>Flector transmission safrane 4X4 Ce flector transmission safrane 4X4 se monte en Lieu et place de celui d\u2019origine. Le d\u00e9tail par Renault de cette pi\u00e8ce ne se fait pas. Renault vend l&rsquo;arbre complet, et \u00e0 ce jour n\u2019est plus disponible. S\u2019adapte sans aucune modification. Nous vous conseillons le remplacement des vis d&rsquo;origine par celles vendues [&hellip;]<\/p>\n","protected":false},"featured_media":1441,"comment_status":"open","ping_status":"closed","template":"","meta":[],"product_brand":[],"product_cat":[16,116,78,27,122],"product_tag":[62,63],"class_list":{"0":"post-481","1":"product","2":"type-product","3":"status-publish","4":"has-post-thumbnail","6":"product_cat-mecanique-safrane-biturbo","7":"product_cat-mecanique-safrane-quadra-renault-2","8":"product_cat-safrane-quadra-renault-2","9":"product_cat-transmission-safrane-biturbo","10":"product_cat-transmission-mecanique-safrane-quadra-renault-2","11":"product_tag-flector","12":"product_tag-safrane-biturbo","14":"first","15":"instock","16":"featured","17":"taxable","18":"shipping-taxable","19":"purchasable","20":"product-type-simple"},"yoast_head":"<!-- This site is optimized with the Yoast SEO plugin v27.5 - https:\/\/yoast.com\/product\/yoast-seo-wordpress\/ -->\n<title>Flector transmission safrane 4X4 - Boutique du Club Safrane Biturbo<\/title>\n<meta name=\"description\" content=\"Flector transmission safrane 4X4. Ce flector de transmission safrane 4X4 se monte en Lieu et place de celui d&#039;origine. Plus d\u00e9taill\u00e9 chez Renault.\" \/>\n<meta name=\"robots\" content=\"index, follow, max-snippet:-1, max-image-preview:large, max-video-preview:-1\" \/>\n<link rel=\"canonical\" href=\"https:\/\/clubsafranebiturbo.fr\/boutique\/produit\/flector-transmission-safrane-4x4\/\" \/>\n<meta property=\"og:locale\" content=\"fr_FR\" \/>\n<meta property=\"og:type\" content=\"article\" \/>\n<meta property=\"og:title\" content=\"Flector transmission safrane 4X4 - Boutique du Club Safrane Biturbo\" \/>\n<meta property=\"og:description\" content=\"Flector transmission safrane 4X4. Ce flector de transmission safrane 4X4 se monte en Lieu et place de celui d&#039;origine. Plus d\u00e9taill\u00e9 chez Renault.\" \/>\n<meta property=\"og:url\" content=\"https:\/\/clubsafranebiturbo.fr\/boutique\/produit\/flector-transmission-safrane-4x4\/\" \/>\n<meta property=\"og:site_name\" content=\"Boutique du Club Safrane Biturbo\" \/>\n<meta property=\"article:modified_time\" content=\"2026-04-15T14:13:38+00:00\" \/>\n<meta property=\"og:image\" content=\"https:\/\/clubsafranebiturbo.fr\/boutique\/wp-content\/uploads\/2015\/06\/flector-safrane-biturbo-photo-1-scaled.jpg\" \/>\n\t<meta property=\"og:image:width\" content=\"1920\" \/>\n\t<meta property=\"og:image:height\" content=\"2560\" \/>\n\t<meta property=\"og:image:type\" content=\"image\/jpeg\" \/>\n<meta name=\"twitter:card\" content=\"summary_large_image\" \/>\n<meta name=\"twitter:site\" content=\"@clubsafranebt\" \/>\n<meta name=\"twitter:label1\" content=\"Dur\u00e9e de lecture estim\u00e9e\" \/>\n\t<meta name=\"twitter:data1\" content=\"2 minutes\" \/>\n<script type=\"application\/ld+json\" class=\"yoast-schema-graph\">{\"@context\":\"https:\\\/\\\/schema.org\",\"@graph\":[{\"@type\":\"WebPage\",\"@id\":\"https:\\\/\\\/clubsafranebiturbo.fr\\\/boutique\\\/produit\\\/flector-transmission-safrane-4x4\\\/\",\"url\":\"https:\\\/\\\/clubsafranebiturbo.fr\\\/boutique\\\/produit\\\/flector-transmission-safrane-4x4\\\/\",\"name\":\"Flector transmission safrane 4X4 - Boutique du Club Safrane Biturbo\",\"isPartOf\":{\"@id\":\"https:\\\/\\\/clubsafranebiturbo.fr\\\/boutique\\\/#website\"},\"primaryImageOfPage\":{\"@id\":\"https:\\\/\\\/clubsafranebiturbo.fr\\\/boutique\\\/produit\\\/flector-transmission-safrane-4x4\\\/#primaryimage\"},\"image\":{\"@id\":\"https:\\\/\\\/clubsafranebiturbo.fr\\\/boutique\\\/produit\\\/flector-transmission-safrane-4x4\\\/#primaryimage\"},\"thumbnailUrl\":\"https:\\\/\\\/clubsafranebiturbo.fr\\\/boutique\\\/wp-content\\\/uploads\\\/2015\\\/06\\\/flector-safrane-biturbo-photo-1-scaled.jpg\",\"datePublished\":\"2013-06-28T11:28:56+00:00\",\"dateModified\":\"2026-04-15T14:13:38+00:00\",\"description\":\"Flector transmission safrane 4X4. Ce flector de transmission safrane 4X4 se monte en Lieu et place de celui d'origine. Plus d\u00e9taill\u00e9 chez Renault.\",\"breadcrumb\":{\"@id\":\"https:\\\/\\\/clubsafranebiturbo.fr\\\/boutique\\\/produit\\\/flector-transmission-safrane-4x4\\\/#breadcrumb\"},\"inLanguage\":\"fr-FR\",\"potentialAction\":[{\"@type\":\"ReadAction\",\"target\":[\"https:\\\/\\\/clubsafranebiturbo.fr\\\/boutique\\\/produit\\\/flector-transmission-safrane-4x4\\\/\"]}]},{\"@type\":\"ImageObject\",\"inLanguage\":\"fr-FR\",\"@id\":\"https:\\\/\\\/clubsafranebiturbo.fr\\\/boutique\\\/produit\\\/flector-transmission-safrane-4x4\\\/#primaryimage\",\"url\":\"https:\\\/\\\/clubsafranebiturbo.fr\\\/boutique\\\/wp-content\\\/uploads\\\/2015\\\/06\\\/flector-safrane-biturbo-photo-1-scaled.jpg\",\"contentUrl\":\"https:\\\/\\\/clubsafranebiturbo.fr\\\/boutique\\\/wp-content\\\/uploads\\\/2015\\\/06\\\/flector-safrane-biturbo-photo-1-scaled.jpg\",\"width\":1920,\"height\":2560,\"caption\":\"Flector transmission safrane 4X4\"},{\"@type\":\"BreadcrumbList\",\"@id\":\"https:\\\/\\\/clubsafranebiturbo.fr\\\/boutique\\\/produit\\\/flector-transmission-safrane-4x4\\\/#breadcrumb\",\"itemListElement\":[{\"@type\":\"ListItem\",\"position\":1,\"name\":\"Accueil\",\"item\":\"https:\\\/\\\/clubsafranebiturbo.fr\\\/boutique\\\/\"},{\"@type\":\"ListItem\",\"position\":2,\"name\":\"Boutique\",\"item\":\"https:\\\/\\\/clubsafranebiturbo.fr\\\/boutique\\\/boutique\\\/\"},{\"@type\":\"ListItem\",\"position\":3,\"name\":\"Flector transmission safrane 4X4\"}]},{\"@type\":\"WebSite\",\"@id\":\"https:\\\/\\\/clubsafranebiturbo.fr\\\/boutique\\\/#website\",\"url\":\"https:\\\/\\\/clubsafranebiturbo.fr\\\/boutique\\\/\",\"name\":\"Boutique du Club Safrane Biturbo\",\"description\":\"Vente de pi\u00e8ces de Safrane Biturbo\",\"potentialAction\":[{\"@type\":\"SearchAction\",\"target\":{\"@type\":\"EntryPoint\",\"urlTemplate\":\"https:\\\/\\\/clubsafranebiturbo.fr\\\/boutique\\\/?s={search_term_string}\"},\"query-input\":{\"@type\":\"PropertyValueSpecification\",\"valueRequired\":true,\"valueName\":\"search_term_string\"}}],\"inLanguage\":\"fr-FR\"}]}<\/script>\n<!-- \/ Yoast SEO plugin. -->","yoast_head_json":{"title":"Flector transmission safrane 4X4 - Boutique du Club Safrane Biturbo","description":"Flector transmission safrane 4X4. Ce flector de transmission safrane 4X4 se monte en Lieu et place de celui d'origine. Plus d\u00e9taill\u00e9 chez Renault.","robots":{"index":"index","follow":"follow","max-snippet":"max-snippet:-1","max-image-preview":"max-image-preview:large","max-video-preview":"max-video-preview:-1"},"canonical":"https:\/\/clubsafranebiturbo.fr\/boutique\/produit\/flector-transmission-safrane-4x4\/","og_locale":"fr_FR","og_type":"article","og_title":"Flector transmission safrane 4X4 - Boutique du Club Safrane Biturbo","og_description":"Flector transmission safrane 4X4. Ce flector de transmission safrane 4X4 se monte en Lieu et place de celui d'origine. Plus d\u00e9taill\u00e9 chez Renault.","og_url":"https:\/\/clubsafranebiturbo.fr\/boutique\/produit\/flector-transmission-safrane-4x4\/","og_site_name":"Boutique du Club Safrane Biturbo","article_modified_time":"2026-04-15T14:13:38+00:00","og_image":[{"width":1920,"height":2560,"url":"https:\/\/clubsafranebiturbo.fr\/boutique\/wp-content\/uploads\/2015\/06\/flector-safrane-biturbo-photo-1-scaled.jpg","type":"image\/jpeg"}],"twitter_card":"summary_large_image","twitter_site":"@clubsafranebt","twitter_misc":{"Dur\u00e9e de lecture estim\u00e9e":"2 minutes"},"schema":{"@context":"https:\/\/schema.org","@graph":[{"@type":"WebPage","@id":"https:\/\/clubsafranebiturbo.fr\/boutique\/produit\/flector-transmission-safrane-4x4\/","url":"https:\/\/clubsafranebiturbo.fr\/boutique\/produit\/flector-transmission-safrane-4x4\/","name":"Flector transmission safrane 4X4 - Boutique du Club Safrane Biturbo","isPartOf":{"@id":"https:\/\/clubsafranebiturbo.fr\/boutique\/#website"},"primaryImageOfPage":{"@id":"https:\/\/clubsafranebiturbo.fr\/boutique\/produit\/flector-transmission-safrane-4x4\/#primaryimage"},"image":{"@id":"https:\/\/clubsafranebiturbo.fr\/boutique\/produit\/flector-transmission-safrane-4x4\/#primaryimage"},"thumbnailUrl":"https:\/\/clubsafranebiturbo.fr\/boutique\/wp-content\/uploads\/2015\/06\/flector-safrane-biturbo-photo-1-scaled.jpg","datePublished":"2013-06-28T11:28:56+00:00","dateModified":"2026-04-15T14:13:38+00:00","description":"Flector transmission safrane 4X4. Ce flector de transmission safrane 4X4 se monte en Lieu et place de celui d'origine. Plus d\u00e9taill\u00e9 chez Renault.","breadcrumb":{"@id":"https:\/\/clubsafranebiturbo.fr\/boutique\/produit\/flector-transmission-safrane-4x4\/#breadcrumb"},"inLanguage":"fr-FR","potentialAction":[{"@type":"ReadAction","target":["https:\/\/clubsafranebiturbo.fr\/boutique\/produit\/flector-transmission-safrane-4x4\/"]}]},{"@type":"ImageObject","inLanguage":"fr-FR","@id":"https:\/\/clubsafranebiturbo.fr\/boutique\/produit\/flector-transmission-safrane-4x4\/#primaryimage","url":"https:\/\/clubsafranebiturbo.fr\/boutique\/wp-content\/uploads\/2015\/06\/flector-safrane-biturbo-photo-1-scaled.jpg","contentUrl":"https:\/\/clubsafranebiturbo.fr\/boutique\/wp-content\/uploads\/2015\/06\/flector-safrane-biturbo-photo-1-scaled.jpg","width":1920,"height":2560,"caption":"Flector transmission safrane 4X4"},{"@type":"BreadcrumbList","@id":"https:\/\/clubsafranebiturbo.fr\/boutique\/produit\/flector-transmission-safrane-4x4\/#breadcrumb","itemListElement":[{"@type":"ListItem","position":1,"name":"Accueil","item":"https:\/\/clubsafranebiturbo.fr\/boutique\/"},{"@type":"ListItem","position":2,"name":"Boutique","item":"https:\/\/clubsafranebiturbo.fr\/boutique\/boutique\/"},{"@type":"ListItem","position":3,"name":"Flector transmission safrane 4X4"}]},{"@type":"WebSite","@id":"https:\/\/clubsafranebiturbo.fr\/boutique\/#website","url":"https:\/\/clubsafranebiturbo.fr\/boutique\/","name":"Boutique du Club Safrane Biturbo","description":"Vente de pi\u00e8ces de Safrane Biturbo","potentialAction":[{"@type":"SearchAction","target":{"@type":"EntryPoint","urlTemplate":"https:\/\/clubsafranebiturbo.fr\/boutique\/?s={search_term_string}"},"query-input":{"@type":"PropertyValueSpecification","valueRequired":true,"valueName":"search_term_string"}}],"inLanguage":"fr-FR"}]}},"_links":{"self":[{"href":"https:\/\/clubsafranebiturbo.fr\/boutique\/wp-json\/wp\/v2\/product\/481","targetHints":{"allow":["GET"]}}],"collection":[{"href":"https:\/\/clubsafranebiturbo.fr\/boutique\/wp-json\/wp\/v2\/product"}],"about":[{"href":"https:\/\/clubsafranebiturbo.fr\/boutique\/wp-json\/wp\/v2\/types\/product"}],"replies":[{"embeddable":true,"href":"https:\/\/clubsafranebiturbo.fr\/boutique\/wp-json\/wp\/v2\/comments?post=481"}],"wp:featuredmedia":[{"embeddable":true,"href":"https:\/\/clubsafranebiturbo.fr\/boutique\/wp-json\/wp\/v2\/media\/1441"}],"wp:attachment":[{"href":"https:\/\/clubsafranebiturbo.fr\/boutique\/wp-json\/wp\/v2\/media?parent=481"}],"wp:term":[{"taxonomy":"product_brand","embeddable":true,"href":"https:\/\/clubsafranebiturbo.fr\/boutique\/wp-json\/wp\/v2\/product_brand?post=481"},{"taxonomy":"product_cat","embeddable":true,"href":"https:\/\/clubsafranebiturbo.fr\/boutique\/wp-json\/wp\/v2\/product_cat?post=481"},{"taxonomy":"product_tag","embeddable":true,"href":"https:\/\/clubsafranebiturbo.fr\/boutique\/wp-json\/wp\/v2\/product_tag?post=481"}],"curies":[{"name":"wp","href":"https:\/\/api.w.org\/{rel}","templated":true}]}}