{"id":33,"date":"2013-03-21T09:29:51","date_gmt":"2013-03-21T08:29:51","guid":{"rendered":"http:\/\/clubsafranebiturbo.fr\/boutique\/?post_type=product&#038;p=33"},"modified":"2026-04-11T05:57:34","modified_gmt":"2026-04-11T04:57:34","slug":"joint-bocal-frein-renault","status":"publish","type":"product","link":"https:\/\/clubsafranebiturbo.fr\/boutique\/produit\/joint-bocal-frein-renault\/","title":{"rendered":"Joint Bocal frein Renault"},"content":{"rendered":"<h2 style=\"text-align: justify;\"><span style=\"font-family: arial, helvetica, sans-serif;\">Joint Bocal frein Renault<\/span><\/h2>\n<p style=\"text-align: justify;\"><span style=\"font-family: arial, helvetica, sans-serif;\">Ce joint Bocal frein Renault est une reproduction de celui d&rsquo;origine. Le joint d&rsquo;origine avec le temps se d\u00e9truit et vient se diluer dans le liquide comme vous pouvez voir sur la photo 3. Il n&rsquo;est pas vendu au d\u00e9tail chez Renault, il est vendu avec le bouchon environ 14 euros. C&rsquo;est pourquoi en ne changeant que le joint, vous ferez une petite \u00e9conomie, de plus il est r\u00e9sistant aux liquides de frein. Il se monte en lieu et place, il est aux c\u00f4tes du joint d&rsquo;origine.<\/span><\/p>\n<p style=\"text-align: justify;\"><span style=\"font-family: arial, helvetica, sans-serif;\"> Il se monte sur d&rsquo;autre v\u00e9hicules de la marque de la m\u00eame \u00e9poque :<\/span><\/p>\n<ul>\n<li style=\"text-align: justify;\"><span style=\"font-family: arial, helvetica, sans-serif;\">R25 V6 Turbo<\/span><\/li>\n<li><span style=\"font-family: arial, helvetica, sans-serif;\">R25 V6<\/span><\/li>\n<li><span style=\"font-family: arial, helvetica, sans-serif;\">R21 2L Turbo<\/span><\/li>\n<li><span style=\"font-family: arial, helvetica, sans-serif;\">R19<\/span><\/li>\n<\/ul>\n<p style=\"text-align: justify;\"><span style=\"font-family: arial, helvetica, sans-serif;\">Pour plus de questions vous pouvez nous contacter via le formulaire de <a href=\"http:\/\/clubsafranebiturbo.fr\/boutique\/contact\/\">contact<\/a> sur la boutique, nous nous efforcerons de r\u00e9pondre \u00e0 toutes vos questions \u00e0 partir du moment ou vos coordonn\u00e9es de contact sont correctes dans les plus brefs d\u00e9lais.<\/span><\/p>\n<h2 style=\"text-align: justify;\"><span style=\"font-family: arial, helvetica, sans-serif;\">Livraison<\/span><\/h2>\n<p style=\"text-align: justify;\"><span style=\"font-family: arial, helvetica, sans-serif;\">D\u00e9lai de livraison : 7 \u00e0 15 jours apr\u00e8s r\u00e9ception de votre paiement sur nos comptes. Nous vous rappelons que nous sommes une association, et que notre temps libre pr\u00e9vaut sur le temps consacr\u00e9 au Club. Il peut donc arriver que ces d\u00e9lais soient plus long. Pour un traitement plus rapide de votre commande, vous pouvez nous contacter par mail et faire un virement bancaire.<\/span><\/p>\n<p style=\"text-align: justify;\"><span style=\"font-family: arial, helvetica, sans-serif;\">Livraison par lettre suivie \u00e0 r\u00e9ception du paiement sur nos comptes. Vous serez inform\u00e9 lors de l\u2019envoi de votre commande. Envoi soign\u00e9 et bien prot\u00e9g\u00e9.<\/span><\/p>\n<h2 style=\"text-align: justify;\"><span style=\"font-family: arial, helvetica, sans-serif;\">Stock<\/span><\/h2>\n<p style=\"text-align: justify;\"><span style=\"color: #ff0000; font-family: arial, helvetica, sans-serif;\">Ces pi\u00e8ces sont pr\u00e9sentes dans notre stock, vous serez donc assur\u00e9 de la livraison et ne recevrez pas de mail vous informant que nous sommes en rupture. Si les pi\u00e8ces ne sont pas disponibles vous ne pourrez tout simplement pas les commander. A noter que nous sommes une association et faisons cela sur notre temps libre, il est donc possible que de temps en temps les r\u00e9ponses ou les d\u00e9lais de livraison soient plus long que la normale.<\/span><\/p>\n<p style=\"text-align: justify;\"><span style=\"font-family: arial, helvetica, sans-serif;\"><a href=\"http:\/\/clubsafranebiturbo.fr\/boutique\/wp-content\/uploads\/2016\/04\/Joint-Bocal-frein-Renault-1.jpg\" rel=\"attachment wp-att-1652\"><img loading=\"lazy\" decoding=\"async\" class=\"size-medium wp-image-1652 aligncenter\" src=\"http:\/\/clubsafranebiturbo.fr\/boutique\/wp-content\/uploads\/2016\/04\/Joint-Bocal-frein-Renault-1-300x200.jpg\" alt=\"Joint Bocal frein Renault\" width=\"300\" height=\"200\" srcset=\"https:\/\/clubsafranebiturbo.fr\/boutique\/wp-content\/uploads\/2016\/04\/Joint-Bocal-frein-Renault-1-300x200.jpg 300w, https:\/\/clubsafranebiturbo.fr\/boutique\/wp-content\/uploads\/2016\/04\/Joint-Bocal-frein-Renault-1-320x213.jpg 320w, https:\/\/clubsafranebiturbo.fr\/boutique\/wp-content\/uploads\/2016\/04\/Joint-Bocal-frein-Renault-1.jpg 600w\" sizes=\"auto, (max-width: 300px) 100vw, 300px\" \/><\/a><\/span><\/p>\n<p style=\"text-align: justify;\"><span style=\"font-family: arial, helvetica, sans-serif;\"><a href=\"http:\/\/clubsafranebiturbo.fr\/boutique\/produit\/joint-bocal-de-frein-renault\/\">http:\/\/clubsafranebiturbo.fr\/boutique\/produit\/joint-bocal-de-frein-renault\/<\/a><\/span><\/p>\n<p style=\"text-align: justify;\"><span style=\"font-family: arial, helvetica, sans-serif;\"><a href=\"http:\/\/clubsafranebiturbo.fr\/\">http:\/\/clubsafranebiturbo.fr\/<\/a><\/span><\/p>\n<pre class=\"prettyprint _3t10 prettyprinted\"><\/pre>\n<pre class=\"prettyprint _3t10 prettyprinted\"><\/pre>\n<p style=\"text-align: justify;\">\n","protected":false},"excerpt":{"rendered":"<p>Joint Bocal frein Renault Ce joint Bocal frein Renault est une reproduction de celui d&rsquo;origine. Le joint d&rsquo;origine avec le temps se d\u00e9truit et vient se diluer dans le liquide comme vous pouvez voir sur la photo 3. Il n&rsquo;est pas vendu au d\u00e9tail chez Renault, il est vendu avec le bouchon environ 14 euros. [&hellip;]<\/p>\n","protected":false},"featured_media":1652,"comment_status":"open","ping_status":"closed","template":"","meta":[],"product_brand":[],"product_cat":[19,119,149,151,16,116,148,147,78],"product_tag":[],"class_list":{"0":"post-33","1":"product","2":"type-product","3":"status-publish","4":"has-post-thumbnail","6":"product_cat-freinage-safrane-biturbo","7":"product_cat-freinage-mecanique-safrane-quadra-renault-2","8":"product_cat-freinage","9":"product_cat-laguna-1","10":"product_cat-mecanique-safrane-biturbo","11":"product_cat-mecanique-safrane-quadra-renault-2","12":"product_cat-mecanique","13":"product_cat-r25-v6-turbo","14":"product_cat-safrane-quadra-renault-2","16":"first","17":"outofstock","18":"featured","19":"taxable","20":"shipping-taxable","21":"purchasable","22":"product-type-simple"},"yoast_head":"<!-- This site is optimized with the Yoast SEO plugin v27.5 - https:\/\/yoast.com\/product\/yoast-seo-wordpress\/ -->\n<title>Joint Bocal frein Renault - Boutique du Club Safrane Biturbo<\/title>\n<meta name=\"description\" content=\"Joint Bocal frein Renault Ce joint Bocal frein Renault est une reproduction de celui d&#039;origine. Le joint d&#039;origine avec le temps se d\u00e9truit.\" \/>\n<meta name=\"robots\" content=\"index, follow, max-snippet:-1, max-image-preview:large, max-video-preview:-1\" \/>\n<link rel=\"canonical\" href=\"https:\/\/clubsafranebiturbo.fr\/boutique\/produit\/joint-bocal-frein-renault\/\" \/>\n<meta property=\"og:locale\" content=\"fr_FR\" \/>\n<meta property=\"og:type\" content=\"article\" \/>\n<meta property=\"og:title\" content=\"Joint Bocal frein Renault - Boutique du Club Safrane Biturbo\" \/>\n<meta property=\"og:description\" content=\"Joint Bocal frein Renault Ce joint Bocal frein Renault est une reproduction de celui d&#039;origine. Le joint d&#039;origine avec le temps se d\u00e9truit.\" \/>\n<meta property=\"og:url\" content=\"https:\/\/clubsafranebiturbo.fr\/boutique\/produit\/joint-bocal-frein-renault\/\" \/>\n<meta property=\"og:site_name\" content=\"Boutique du Club Safrane Biturbo\" \/>\n<meta property=\"article:modified_time\" content=\"2026-04-11T04:57:34+00:00\" \/>\n<meta property=\"og:image\" content=\"https:\/\/clubsafranebiturbo.fr\/boutique\/wp-content\/uploads\/2016\/04\/Joint-Bocal-frein-Renault-1.jpg\" \/>\n\t<meta property=\"og:image:width\" content=\"600\" \/>\n\t<meta property=\"og:image:height\" content=\"399\" \/>\n\t<meta property=\"og:image:type\" content=\"image\/jpeg\" \/>\n<meta name=\"twitter:card\" content=\"summary_large_image\" \/>\n<meta name=\"twitter:site\" content=\"@clubsafranebt\" \/>\n<meta name=\"twitter:label1\" content=\"Dur\u00e9e de lecture estim\u00e9e\" \/>\n\t<meta name=\"twitter:data1\" content=\"3 minutes\" \/>\n<script type=\"application\/ld+json\" class=\"yoast-schema-graph\">{\"@context\":\"https:\\\/\\\/schema.org\",\"@graph\":[{\"@type\":\"WebPage\",\"@id\":\"https:\\\/\\\/clubsafranebiturbo.fr\\\/boutique\\\/produit\\\/joint-bocal-frein-renault\\\/\",\"url\":\"https:\\\/\\\/clubsafranebiturbo.fr\\\/boutique\\\/produit\\\/joint-bocal-frein-renault\\\/\",\"name\":\"Joint Bocal frein Renault - Boutique du Club Safrane Biturbo\",\"isPartOf\":{\"@id\":\"https:\\\/\\\/clubsafranebiturbo.fr\\\/boutique\\\/#website\"},\"primaryImageOfPage\":{\"@id\":\"https:\\\/\\\/clubsafranebiturbo.fr\\\/boutique\\\/produit\\\/joint-bocal-frein-renault\\\/#primaryimage\"},\"image\":{\"@id\":\"https:\\\/\\\/clubsafranebiturbo.fr\\\/boutique\\\/produit\\\/joint-bocal-frein-renault\\\/#primaryimage\"},\"thumbnailUrl\":\"https:\\\/\\\/clubsafranebiturbo.fr\\\/boutique\\\/wp-content\\\/uploads\\\/2016\\\/04\\\/Joint-Bocal-frein-Renault-1.jpg\",\"datePublished\":\"2013-03-21T08:29:51+00:00\",\"dateModified\":\"2026-04-11T04:57:34+00:00\",\"description\":\"Joint Bocal frein Renault Ce joint Bocal frein Renault est une reproduction de celui d'origine. Le joint d'origine avec le temps se d\u00e9truit.\",\"breadcrumb\":{\"@id\":\"https:\\\/\\\/clubsafranebiturbo.fr\\\/boutique\\\/produit\\\/joint-bocal-frein-renault\\\/#breadcrumb\"},\"inLanguage\":\"fr-FR\",\"potentialAction\":[{\"@type\":\"ReadAction\",\"target\":[\"https:\\\/\\\/clubsafranebiturbo.fr\\\/boutique\\\/produit\\\/joint-bocal-frein-renault\\\/\"]}]},{\"@type\":\"ImageObject\",\"inLanguage\":\"fr-FR\",\"@id\":\"https:\\\/\\\/clubsafranebiturbo.fr\\\/boutique\\\/produit\\\/joint-bocal-frein-renault\\\/#primaryimage\",\"url\":\"https:\\\/\\\/clubsafranebiturbo.fr\\\/boutique\\\/wp-content\\\/uploads\\\/2016\\\/04\\\/Joint-Bocal-frein-Renault-1.jpg\",\"contentUrl\":\"https:\\\/\\\/clubsafranebiturbo.fr\\\/boutique\\\/wp-content\\\/uploads\\\/2016\\\/04\\\/Joint-Bocal-frein-Renault-1.jpg\",\"width\":600,\"height\":399,\"caption\":\"Joint Bocal frein Renault\"},{\"@type\":\"BreadcrumbList\",\"@id\":\"https:\\\/\\\/clubsafranebiturbo.fr\\\/boutique\\\/produit\\\/joint-bocal-frein-renault\\\/#breadcrumb\",\"itemListElement\":[{\"@type\":\"ListItem\",\"position\":1,\"name\":\"Accueil\",\"item\":\"https:\\\/\\\/clubsafranebiturbo.fr\\\/boutique\\\/\"},{\"@type\":\"ListItem\",\"position\":2,\"name\":\"Boutique\",\"item\":\"https:\\\/\\\/clubsafranebiturbo.fr\\\/boutique\\\/boutique\\\/\"},{\"@type\":\"ListItem\",\"position\":3,\"name\":\"Joint Bocal frein Renault\"}]},{\"@type\":\"WebSite\",\"@id\":\"https:\\\/\\\/clubsafranebiturbo.fr\\\/boutique\\\/#website\",\"url\":\"https:\\\/\\\/clubsafranebiturbo.fr\\\/boutique\\\/\",\"name\":\"Boutique du Club Safrane Biturbo\",\"description\":\"Vente de pi\u00e8ces de Safrane Biturbo\",\"potentialAction\":[{\"@type\":\"SearchAction\",\"target\":{\"@type\":\"EntryPoint\",\"urlTemplate\":\"https:\\\/\\\/clubsafranebiturbo.fr\\\/boutique\\\/?s={search_term_string}\"},\"query-input\":{\"@type\":\"PropertyValueSpecification\",\"valueRequired\":true,\"valueName\":\"search_term_string\"}}],\"inLanguage\":\"fr-FR\"}]}<\/script>\n<!-- \/ Yoast SEO plugin. -->","yoast_head_json":{"title":"Joint Bocal frein Renault - Boutique du Club Safrane Biturbo","description":"Joint Bocal frein Renault Ce joint Bocal frein Renault est une reproduction de celui d'origine. Le joint d'origine avec le temps se d\u00e9truit.","robots":{"index":"index","follow":"follow","max-snippet":"max-snippet:-1","max-image-preview":"max-image-preview:large","max-video-preview":"max-video-preview:-1"},"canonical":"https:\/\/clubsafranebiturbo.fr\/boutique\/produit\/joint-bocal-frein-renault\/","og_locale":"fr_FR","og_type":"article","og_title":"Joint Bocal frein Renault - Boutique du Club Safrane Biturbo","og_description":"Joint Bocal frein Renault Ce joint Bocal frein Renault est une reproduction de celui d'origine. Le joint d'origine avec le temps se d\u00e9truit.","og_url":"https:\/\/clubsafranebiturbo.fr\/boutique\/produit\/joint-bocal-frein-renault\/","og_site_name":"Boutique du Club Safrane Biturbo","article_modified_time":"2026-04-11T04:57:34+00:00","og_image":[{"width":600,"height":399,"url":"https:\/\/clubsafranebiturbo.fr\/boutique\/wp-content\/uploads\/2016\/04\/Joint-Bocal-frein-Renault-1.jpg","type":"image\/jpeg"}],"twitter_card":"summary_large_image","twitter_site":"@clubsafranebt","twitter_misc":{"Dur\u00e9e de lecture estim\u00e9e":"3 minutes"},"schema":{"@context":"https:\/\/schema.org","@graph":[{"@type":"WebPage","@id":"https:\/\/clubsafranebiturbo.fr\/boutique\/produit\/joint-bocal-frein-renault\/","url":"https:\/\/clubsafranebiturbo.fr\/boutique\/produit\/joint-bocal-frein-renault\/","name":"Joint Bocal frein Renault - Boutique du Club Safrane Biturbo","isPartOf":{"@id":"https:\/\/clubsafranebiturbo.fr\/boutique\/#website"},"primaryImageOfPage":{"@id":"https:\/\/clubsafranebiturbo.fr\/boutique\/produit\/joint-bocal-frein-renault\/#primaryimage"},"image":{"@id":"https:\/\/clubsafranebiturbo.fr\/boutique\/produit\/joint-bocal-frein-renault\/#primaryimage"},"thumbnailUrl":"https:\/\/clubsafranebiturbo.fr\/boutique\/wp-content\/uploads\/2016\/04\/Joint-Bocal-frein-Renault-1.jpg","datePublished":"2013-03-21T08:29:51+00:00","dateModified":"2026-04-11T04:57:34+00:00","description":"Joint Bocal frein Renault Ce joint Bocal frein Renault est une reproduction de celui d'origine. Le joint d'origine avec le temps se d\u00e9truit.","breadcrumb":{"@id":"https:\/\/clubsafranebiturbo.fr\/boutique\/produit\/joint-bocal-frein-renault\/#breadcrumb"},"inLanguage":"fr-FR","potentialAction":[{"@type":"ReadAction","target":["https:\/\/clubsafranebiturbo.fr\/boutique\/produit\/joint-bocal-frein-renault\/"]}]},{"@type":"ImageObject","inLanguage":"fr-FR","@id":"https:\/\/clubsafranebiturbo.fr\/boutique\/produit\/joint-bocal-frein-renault\/#primaryimage","url":"https:\/\/clubsafranebiturbo.fr\/boutique\/wp-content\/uploads\/2016\/04\/Joint-Bocal-frein-Renault-1.jpg","contentUrl":"https:\/\/clubsafranebiturbo.fr\/boutique\/wp-content\/uploads\/2016\/04\/Joint-Bocal-frein-Renault-1.jpg","width":600,"height":399,"caption":"Joint Bocal frein Renault"},{"@type":"BreadcrumbList","@id":"https:\/\/clubsafranebiturbo.fr\/boutique\/produit\/joint-bocal-frein-renault\/#breadcrumb","itemListElement":[{"@type":"ListItem","position":1,"name":"Accueil","item":"https:\/\/clubsafranebiturbo.fr\/boutique\/"},{"@type":"ListItem","position":2,"name":"Boutique","item":"https:\/\/clubsafranebiturbo.fr\/boutique\/boutique\/"},{"@type":"ListItem","position":3,"name":"Joint Bocal frein Renault"}]},{"@type":"WebSite","@id":"https:\/\/clubsafranebiturbo.fr\/boutique\/#website","url":"https:\/\/clubsafranebiturbo.fr\/boutique\/","name":"Boutique du Club Safrane Biturbo","description":"Vente de pi\u00e8ces de Safrane Biturbo","potentialAction":[{"@type":"SearchAction","target":{"@type":"EntryPoint","urlTemplate":"https:\/\/clubsafranebiturbo.fr\/boutique\/?s={search_term_string}"},"query-input":{"@type":"PropertyValueSpecification","valueRequired":true,"valueName":"search_term_string"}}],"inLanguage":"fr-FR"}]}},"_links":{"self":[{"href":"https:\/\/clubsafranebiturbo.fr\/boutique\/wp-json\/wp\/v2\/product\/33","targetHints":{"allow":["GET"]}}],"collection":[{"href":"https:\/\/clubsafranebiturbo.fr\/boutique\/wp-json\/wp\/v2\/product"}],"about":[{"href":"https:\/\/clubsafranebiturbo.fr\/boutique\/wp-json\/wp\/v2\/types\/product"}],"replies":[{"embeddable":true,"href":"https:\/\/clubsafranebiturbo.fr\/boutique\/wp-json\/wp\/v2\/comments?post=33"}],"wp:featuredmedia":[{"embeddable":true,"href":"https:\/\/clubsafranebiturbo.fr\/boutique\/wp-json\/wp\/v2\/media\/1652"}],"wp:attachment":[{"href":"https:\/\/clubsafranebiturbo.fr\/boutique\/wp-json\/wp\/v2\/media?parent=33"}],"wp:term":[{"taxonomy":"product_brand","embeddable":true,"href":"https:\/\/clubsafranebiturbo.fr\/boutique\/wp-json\/wp\/v2\/product_brand?post=33"},{"taxonomy":"product_cat","embeddable":true,"href":"https:\/\/clubsafranebiturbo.fr\/boutique\/wp-json\/wp\/v2\/product_cat?post=33"},{"taxonomy":"product_tag","embeddable":true,"href":"https:\/\/clubsafranebiturbo.fr\/boutique\/wp-json\/wp\/v2\/product_tag?post=33"}],"curies":[{"name":"wp","href":"https:\/\/api.w.org\/{rel}","templated":true}]}}